[INFO] cloning repository https://github.com/TeakWood/rust-collections
[INFO] running `Command { std: "git" "-c" "credential.helper=" "-c" "credential.helper=/workspace/cargo-home/bin/git-credential-null" "clone" "--bare" "https://github.com/TeakWood/rust-collections" "/workspace/cache/git-repos/https%3A%2F%2Fgithub.com%2FTeakWood%2Frust-collections", kill_on_drop: false }`
[INFO] [stderr] Cloning into bare repository '/workspace/cache/git-repos/https%3A%2F%2Fgithub.com%2FTeakWood%2Frust-collections'...
[INFO] running `Command { std: "git" "rev-parse" "HEAD", kill_on_drop: false }`
[INFO] [stdout] 5ff57ee143031d815f98f0bf7bd9e4e362b63564
[INFO] checking TeakWood/rust-collections against try#72f88fc4e9458f89516a0b8b0868f3718aec5b47 for pr-74989
[INFO] running `Command { std: "git" "clone" "/workspace/cache/git-repos/https%3A%2F%2Fgithub.com%2FTeakWood%2Frust-collections" "/workspace/builds/worker-4/source", kill_on_drop: false }`
[INFO] [stderr] Cloning into '/workspace/builds/worker-4/source'...
[INFO] [stderr] done.
[INFO] validating manifest of git repo https://github.com/TeakWood/rust-collections on toolchain 72f88fc4e9458f89516a0b8b0868f3718aec5b47
[INFO] running `Command { std: "/workspace/cargo-home/bin/cargo" "+72f88fc4e9458f89516a0b8b0868f3718aec5b47" "read-manifest" "--manifest-path" "Cargo.toml", kill_on_drop: false }`
[INFO] started tweaking git repo https://github.com/TeakWood/rust-collections
[INFO] finished tweaking git repo https://github.com/TeakWood/rust-collections
[INFO] tweaked toml for git repo https://github.com/TeakWood/rust-collections written to /workspace/builds/worker-4/source/Cargo.toml
[INFO] crate git repo https://github.com/TeakWood/rust-collections already has a lockfile, it will not be regenerated
[INFO] running `Command { std: "/workspace/cargo-home/bin/cargo" "+72f88fc4e9458f89516a0b8b0868f3718aec5b47" "fetch" "--locked" "--manifest-path" "Cargo.toml", kill_on_drop: false }`
[INFO] running `Command { std: "docker" "create" "-v" "/var/lib/crater-agent-workspace/builds/worker-4/target:/opt/rustwide/target:rw,Z" "-v" "/var/lib/crater-agent-workspace/builds/worker-4/source:/opt/rustwide/workdir:ro,Z" "-v" "/var/lib/crater-agent-workspace/cargo-home:/opt/rustwide/cargo-home:ro,Z" "-v" "/var/lib/crater-agent-workspace/rustup-home:/opt/rustwide/rustup-home:ro,Z" "-e" "SOURCE_DIR=/opt/rustwide/workdir" "-e" "CARGO_TARGET_DIR=/opt/rustwide/target" "-e" "CARGO_HOME=/opt/rustwide/cargo-home" "-e" "RUSTUP_HOME=/opt/rustwide/rustup-home" "-w" "/opt/rustwide/workdir" "-m" "1610612736" "--user" "0:0" "--network" "none" "rustops/crates-build-env@sha256:d92eaeed33fa75130ca1ee6c8a01d1ffb62bac859dfdfb3450e3e5d1c0146529" "/opt/rustwide/cargo-home/bin/cargo" "+72f88fc4e9458f89516a0b8b0868f3718aec5b47" "metadata" "--no-deps" "--format-version=1", kill_on_drop: false }`
[INFO] [stdout] bfa9c4411fb5a3c9bb76c72f766b4e914077d00744ced72a0a5e515bd2848a0c
[INFO] [stderr] WARNING: Your kernel does not support swap limit capabilities or the cgroup is not mounted. Memory limited without swap.
[INFO] running `Command { std: "docker" "start" "-a" "bfa9c4411fb5a3c9bb76c72f766b4e914077d00744ced72a0a5e515bd2848a0c", kill_on_drop: false }`
[INFO] running `Command { std: "docker" "inspect" "bfa9c4411fb5a3c9bb76c72f766b4e914077d00744ced72a0a5e515bd2848a0c", kill_on_drop: false }`
[INFO] running `Command { std: "docker" "rm" "-f" "bfa9c4411fb5a3c9bb76c72f766b4e914077d00744ced72a0a5e515bd2848a0c", kill_on_drop: false }`
[INFO] [stdout] bfa9c4411fb5a3c9bb76c72f766b4e914077d00744ced72a0a5e515bd2848a0c
[INFO] running `Command { std: "docker" "create" "-v" "/var/lib/crater-agent-workspace/builds/worker-4/target:/opt/rustwide/target:rw,Z" "-v" "/var/lib/crater-agent-workspace/builds/worker-4/source:/opt/rustwide/workdir:ro,Z" "-v" "/var/lib/crater-agent-workspace/cargo-home:/opt/rustwide/cargo-home:ro,Z" "-v" "/var/lib/crater-agent-workspace/rustup-home:/opt/rustwide/rustup-home:ro,Z" "-e" "SOURCE_DIR=/opt/rustwide/workdir" "-e" "CARGO_TARGET_DIR=/opt/rustwide/target" "-e" "CARGO_INCREMENTAL=0" "-e" "RUST_BACKTRACE=full" "-e" "RUSTFLAGS=--cap-lints=forbid" "-e" "CARGO_HOME=/opt/rustwide/cargo-home" "-e" "RUSTUP_HOME=/opt/rustwide/rustup-home" "-w" "/opt/rustwide/workdir" "-m" "1610612736" "--user" "0:0" "--network" "none" "rustops/crates-build-env@sha256:d92eaeed33fa75130ca1ee6c8a01d1ffb62bac859dfdfb3450e3e5d1c0146529" "/opt/rustwide/cargo-home/bin/cargo" "+72f88fc4e9458f89516a0b8b0868f3718aec5b47" "check" "--frozen" "--all" "--all-targets" "--message-format=json", kill_on_drop: false }`
[INFO] [stdout] dc6c5aa86b6c4725159c6f926a5aeeb71829541582d6eb2f14d4c96d28e23d05
[INFO] [stderr] WARNING: Your kernel does not support swap limit capabilities or the cgroup is not mounted. Memory limited without swap.
[INFO] running `Command { std: "docker" "start" "-a" "dc6c5aa86b6c4725159c6f926a5aeeb71829541582d6eb2f14d4c96d28e23d05", kill_on_drop: false }`
[INFO] [stderr]     Checking rust_collections v0.1.0 (/opt/rustwide/workdir)
[INFO] [stdout] error[E0599]: no function or associated item named `into_raw_non_null` found for struct `Box<_>` in the current scope
[INFO] [stdout]   --> src/linkedlist.rs:51:24
[INFO] [stdout]    |
[INFO] [stdout] 51 |         let node = Some(Box::into_raw_non_null(node));
[INFO] [stdout]    |                              ^^^^^^^^^^^^^^^^^ function or associated item not found in `Box<_>`
[INFO] [stdout] 
[INFO] [stdout] 
[INFO] [stdout] error[E0599]: no function or associated item named `into_raw_non_null` found for struct `Box<_>` in the current scope
[INFO] [stdout]    --> src/linkedlist.rs:125:24
[INFO] [stdout]     |
[INFO] [stdout] 125 |         let node = Some(Box::into_raw_non_null(node));
[INFO] [stdout]     |                              ^^^^^^^^^^^^^^^^^ function or associated item not found in `Box<_>`
[INFO] [stdout] 
[INFO] [stdout] 
[INFO] [stdout] error: aborting due to 2 previous errors
[INFO] [stdout] 
[INFO] [stdout] 
[INFO] [stdout] For more information about this error, try `rustc --explain E0599`.
[INFO] [stdout] 
[INFO] [stderr] error: could not compile `rust_collections`.
[INFO] [stderr] 
[INFO] [stderr] To learn more, run the command again with --verbose.
[INFO] [stderr] warning: build failed, waiting for other jobs to finish...
[INFO] [stdout] error[E0599]: no function or associated item named `into_raw_non_null` found for struct `Box<_>` in the current scope
[INFO] [stdout]   --> src/linkedlist.rs:51:24
[INFO] [stdout]    |
[INFO] [stdout] 51 |         let node = Some(Box::into_raw_non_null(node));
[INFO] [stdout]    |                              ^^^^^^^^^^^^^^^^^ function or associated item not found in `Box<_>`
[INFO] [stdout] 
[INFO] [stdout] 
[INFO] [stdout] error[E0599]: no function or associated item named `into_raw_non_null` found for struct `Box<_>` in the current scope
[INFO] [stdout]    --> src/linkedlist.rs:125:24
[INFO] [stdout]     |
[INFO] [stdout] 125 |         let node = Some(Box::into_raw_non_null(node));
[INFO] [stdout]     |                              ^^^^^^^^^^^^^^^^^ function or associated item not found in `Box<_>`
[INFO] [stdout] 
[INFO] [stdout] 
[INFO] [stdout] error: aborting due to 2 previous errors
[INFO] [stdout] 
[INFO] [stdout] 
[INFO] [stdout] For more information about this error, try `rustc --explain E0599`.
[INFO] [stdout] 
[INFO] [stderr] error: build failed
[INFO] running `Command { std: "docker" "inspect" "dc6c5aa86b6c4725159c6f926a5aeeb71829541582d6eb2f14d4c96d28e23d05", kill_on_drop: false }`
[INFO] running `Command { std: "docker" "rm" "-f" "dc6c5aa86b6c4725159c6f926a5aeeb71829541582d6eb2f14d4c96d28e23d05", kill_on_drop: false }`
[INFO] [stdout] dc6c5aa86b6c4725159c6f926a5aeeb71829541582d6eb2f14d4c96d28e23d05
